?
False
Is 101081 a prime number?
True
Is 38431 a composite number?
False
Is 45247 composite?
False
Is 72461 a composite number?
False
Is 5191 a prime number?
False
Is 2479 composite?
True
Is 2490697 a prime number?
False
Is 5471 a prime number?
True
Is 46855 a prime number?
False
Is 216487 a composite number?
True
Is 65273 composite?
True
Is 115657 composite?
False
Is 60793 composite?
False
Is 305997 a composite number?
True
Is 257977 composite?
True
Is 49169 prime?
True
Is 268405 a composite number?
True
Is 89771 a prime number?
False
Is 6667 a prime number?
False
Is 22343 a prime number?
True
Is 2027 composite?
False
Is 98773 prime?
True
Is 25937 a composite number?
True
Is 13751 composite?
False
Is 140297 a prime number?
True
Is 2505005 a composite number?
True
Is 1477 a prime number?
False
Is 488663 prime?
False
Is 142337 prime?
False
Is 1777 prime?
True
Is 162703 prime?
True
Is 100483 a prime number?
True
Is 299353 prime?
False
Is 6779 a prime number?
True
Is 122345 a composite number?
True
Is 15859 prime?
True
Is 2645743 prime?
True
Is 36773 composite?
True
Is 2313557 composite?
False
Is 201701 a prime number?
True
Is 60601 composite?
False
Is 3831 a composite number?
True
Is 314213 prime?
True
Is 42979 prime?
True
Is 3662 prime?
False
Is 3751301 prime?
True
Is 790997 prime?
True
Is 99367 prime?
True
Is 1710277 composite?
True
Is 33457 prime?
True
Is 109819 a composite number?
False
Is 122099 a prime number?
True
Is 2047 prime?
False
Is 3299 prime?
True
Is 13739 a prime number?
False
Is 66149 prime?
False
Is 68093 a prime number?
False
Is 277333 a composite number?
True
Is 3117 composite?
True
Is 200569 a prime number?
True
Is 4049 composite?
False
Is 894589 prime?
True
Is 43637 a prime number?
False
Is 91283 composite?
False
Is 1649 a composite number?
True
Is 12689 a composite number?
False
Is 35681 a prime number?
False
Is 583 a composite number?
True
Is 6938 a composite number?
True
Is 134473 composite?
True
Is 91709 prime?
False
Is 1094 a composite number?
True
Is 3101 a composite number?
True
Is 21991 a prime number?
True
Is 5981 prime?
True
Is 11549 prime?
True
Is 60841 prime?
False
Is 48647 a composite number?
False
Is 973847 a composite number?
True
Is 283267 composite?
False
Is 89605 a composite number?
True
Is 115057 a composite number?
False
Is 6407 a composite number?
True
Is 25383 a prime number?
False
Is 811067 composite?
False
Is 293 composite?
False
Is 372859 prime?
True
Is 35149 prime?
True
Is 686317 prime?
True
Is 268654 composite?
True
Is 4283 composite?
False
Is 9413 prime?
True
Is 20419 composite?
True
Is 43541 prime?
True
Is 42479 a composite number?
True
Is 474209 prime?
False
Is 272659 composite?
False
Is 58831 a prime number?
True
Is 366077 composite?
False
Is 724919 prime?
False
Is 38602 a composite number?
True
Is 99431 prime?
True
Is 495073 a prime number?
False
Is 540473 composite?
True
Is 3980677 prime?
False
Is 48017 prime?
True
Is 512269 composite?
False
Is 16953 a prime number?
False
Is 174017 composite?
False
Is 140863 a prime number?
True
Is 12251 composite?
False
Is 290401 prime?
False
Is 68294 a composite number?
True
Is 13569 prime?
False
Is 12827 a composite number?
True
Is 1801 a prime number?
True
Is 1539029 prime?
True
Is 174367 prime?
True
Is 238109 composite?
False
Is 567287 a composite number?
True
Is 5833723 a prime number?
False
Is 307511 prime?
True
Is 216217 a prime number?
True
Is 6134 composite?
True
Is 215861 a composite number?
True
Is 5381 a prime number?
True
Is 8411 prime?
False
Is 74131 composite?
False
Is 543383 a prime number?
True
Is 66149 prime?
False
Is 164695 composite?
True
Is 1828381 prime?
True
Is 20371 composite?
True
Is 24869 prime?
False
Is 32313 composite?
True
Is 6922 composite?
True
Is 38693 a composite number?
False
Is 118705 a prime number?
False
Is 42605 prime?
False
Is 192314 a prime number?
False
Is 3989 a prime number?
True
Is 132911 prime?
True
Is 79747 a composite number?
True
Is 43729 a prime number?
False
Is 328463 a prime number?
False
Is 605837 a prime number?
True
Is 188735 a prime number?
False
Is 47623 composite?
False
Is 42937 a prime number?
True
Is 91607 a prime number?
False
Is 211 composite?
False
Is 2713735 a composite number?
True
Is 26759 prime?
True
Is 7601 a composite number?
True
Is 192689 prime?
False
Is 2888887 prime?
True
Is 263793 composite?
True
Is 158393 composite?
False
Is 1497103 a composite number?
False
Is 3163 composite?
False
Is 406663 a prime number?
False
Is 1138323 composite?
True
Is 2503 prime?
True
Is 15967 prime?
False
Is 1536779 prime?
False
Is 38219 composite?
False
Is 3649 a composite number?
True
Is 2901 a prime number?
False
Is 22343 prime?
True
Is 129434 a composite number?
True
Is 47249 a composite number?
True
Is 3737 prime?
False
Is 567169 composite?
True
Is 12262 a composite number?
True
Is 39827 a composite number?
False
Is 338987 a prime number?
False
Is 485509 a prime number?
True
Is 810341 prime?
False
Is 2491777 prime?
True
Is 43 prime?
True
Is 18013 a composite number?
False
Is 695999 prime?
True
Is 241349 a prime number?
False
Is 709937 a composite number?
True
Is 8353 a composite number?
False
Is 43933 a composite number?
False
Is 19181 a prime number?
True
Is 25078 composite?
True
Is 44995 composite?
True
Is 1785937 a prime number?
False
Is 6113 a prime number?
True
Is 4009 a composite number?
True
Is 2826185 a prime number?
False
Is 229882 a prime number?
False
Is 316133 composite?
False
Is 55381 a prime number?
True
Is 8738849 prime?
False
Is 66973 prime?
True
Is 917 a composite number?
True
Is 50989 a composite number?
False
Is 16519 prime?
True
Is 14587 composite?
True
Is 25841 prime?
True
Is 17291 composite?
False
Is 26009 a composite number?
True
Is 321109 a prime number?
True
Is 656267 composite?
False
Is 535 prime?
False
Is 8209 composite?
False
Is 189191 composite?
True
Is 31403 composite?
True
Is 2653 a composite number?
True
Is 7789 composite?
False
Is 9637 composite?
True
Is 31357 composite?
False
Is 112643 a composite number?
False
Is 7343 a composite number?
True
Is 1721 prime?
True
Is 11777 prime?
True
Is 25923 a composite number?
True
Is 163693 composite?
True
Is 5581 a composite number?
False
Is 203761 a prime number?
True
Is 75133 a prime number?
True
Is 491 composite?
False
Is 1090519 a composite number?
False
Is 22205 a prime number?
False
Is 50989 a composite number?
False
Is 379241 composite?
True
Is 28421 prime?
False
Is 1471 prime?
True
Is 243517 a prime number?
True
Is 1314883 prime?
True
Is 60131 a prime number?
False
Is 106409 a prime number?
False
Is 4677 composite?
True
Is 202759 prime?
False
Is 31319 prime?
True
Is 59893 prime?
False
Is 28619 prime?
True
Is 112459 a prime number?
True
Is 117319 a composite number?
False
Is 29695 composite?
True
Is 325657 composite?
True
Is 236066 composite?
True
Is 509681 prime?
True
Is 143053 a prime number?
True
Is 150373 prime?
True
Is 10077 a composite number?
True
Is 27095 prime?
False
Is 145529 a composite number?
True
Is 3692905 prime?
False
Is 5207 a composite number?
True
Is 2473 a prime number?
True
Is 695 prime?
False
Is 368833 a composite number?
False
Is 84629 a composite number?
False
Is 4145 composite?
True
Is 399019 a composite number?
True
Is 37941 a composite number?
True
Is 12403 a prime number?
False
Is 25271 a composite number?
True
Is 5987 composite?
False
Is 25111 a composite number?
False
Is 27929 a prime number?
False
Is 2237 prime?
True
Is 9809 composite?
True
Is 535697 a prime number?
True
Is 590977 prime?
False
Is 9965 a prime number?
False
Is 1424207 prime?
False
Is 3711 a composite number?
True
Is 31085 a composite number?
True
Is 200543 a composite number?
True
Is 3353 a composite number?
True
Is 2203 a prime number?
True
Is 4351 a prime number?
False
Is 12961 a composite number?
True
Is 84299 composite?
False
Is 311951 prime?
True
Is 215051 a prime number?
True
Is 63937 prime?
False
Is 208319 composite?
False
Is 49007 a prime number?
False
Is 1754743 a prime number?
True
Is 177439 a composite number?
True
Is 2302 a prime number?
False
Is 6343 a prime number?
True
Is 237727 prime?
False
Is 232741 prime?
True
Is 24169 composite?
False
Is 1061 a composite number?
False
Is 20243 prime?
False
Is 829057 a comp